s -4 - (-10 - (5 - 12))?
-1
What is (5 + -8 - -7) + -4?
0
Calculate 8 - (-8 - -24) - -3.
-5
Evaluate -2 + 4 - (-1 - (0 + 0)).
3
Calculate -2 + (-2 - (2 - 4)) + -2.
-4
Evaluate (-3 - -6) + -4 + 7 + -3.
3
Calculate (6 - 2) + (-24 - -19).
-1
-8 + 10 + (0 - -1) + -3
0
(-17 - -7) + 7 - 5
-8
What is the value of -2 - (-2 + 2 + 1) - -3?
0
Calculate 2 + -4 + 5 - 4.
-1
What is 6 + -8 + 10 - 2?
6
Calculate -13 - (13 + -29 + 6).
-3
8 - (1 + 4 + 2 - 4)
5
What is -4 - (-5 + 1) - -6?
6
What is -4 - (-5 + (-2 - (-5 + 1)))?
-1
Evaluate (-2 - 0) + (-9 - (1 - 7)).
-5
-1 + 2 + 2 + -2 - 0
1
What is the value of -2 + (9 - 4) + -4?
-1
Evaluate 5 - (-3 + 5 + -2).
5
What is the value of 2 + -6 + 2 - 0?
-2
7 + (0 - 2) + -2
3
Calculate 0 + -6 + 2 - 1.
-5
4 - (-8 + 16) - (3 + -17)
10
Calculate 3 + (-3 - -1 - -4).
5
8 + (-9 + 1 - -4 - 0)
4
Calculate (-1 + 0 + -5 - -6) + 0.
0
What is 23 + -12 - (6 - 0)?
5
2 - (1 - (0 - -1) - -4)
-2
-6 + (4 - 2) - (8 + -7)
-5
-10 - (-14 + 3 - -7)
-6
Calculate 3 - (11 - 13 - -8).
-3
What is 4 - 14 - (-10 - -9 - 2)?
-7
What is the value of (-3 - 1) + (13 - 10) + -1?
-2
What is -9 - -7 - (-3 + 1 - 2)?
2
What is (-4 - 0) + 37 + -28 + -3?
2
What is 4 + (-3 - -3) - 1?
3
What is the value of (0 - (3 + -6)) + -2 + -1?
0
What is 7 + (-7 - -2) - 5?
-3
Calculate (-6 - -3) + 2 + 1 + -4.
-4
What is (-3 - -4) + (1 - 0) + -7?
-5
What is (-2 + (2 - 3) - -2) + 5?
4
What is the value of (6 - (2 - 0)) + -11?
-7
Evaluate -6 - (-3 + 6 + -16).
7
Evaluate 8 + 4 + -2 + -11 + 3.
2
Evaluate (-51 - -48) + 9 + 1.
7
Evaluate -1 + (4 - 1) + (0 - 2).
0
2 + -1 + -6 - -1 - -1
-3
What is 0 + 1 - (0 + -1 - -5)?
-3
What is the value of -10 + 11 + 6 - (0 - -1)?
6
What is 3 + 2 + -9 - -3?
-1
Calculate -2 + (2 - 6) + 54 + -53.
-5
Calculate (5 - (18 + -7 + 4)) + 2.
-8
What is -1 + -3 + (10 - 5) + -3?
-2
Calculate 1 - (1 + 2 + 1).
-3
Calculate 2 - (2 + -4) - 8.
-4
What is -3 - (3 - 5) - -3?
2
-1 + (4 - -2) + -1
4
-1 + -7 + 5 - 2
-5
Calculate 0 + -3 - 1 - (40 - 41).
-3
What is the value of -4 - (9 - (3 + 1))?
-9
Evaluate 3 + (-3 - -1 - 0) + -6.
-5
What is the value of 3 + -3 + 3 - 5 - -2?
0
0 + 4 + (-140 - -132)
-4
What is 14 - 8 - -1 - 12?
-5
Calculate -2 - (6 + -4 + 1 + -2).
-3
What is the value of -5 - (-5 - -7 - -4 - 19)?
8
Evaluate -4 - (-2 + -1) - 1.
-2
What is -1 + -9 + 17 + -9?
-2
Calculate -4 + (8 - 2) + -3.
-1
-4 + -8 - (-9 - -2)
-5
-4 + -2 + 0 + 2
-4
Evaluate -7 + 2 + 1 + -2 + 1.
-5
(-3 - (8 + -11)) + (-4 - 1)
-5
What is the value of 5 - (5 + 2 - 1)?
-1
Evaluate (-1 - -4 - -4) + (0 - 4).
3
What is 1 - (-5 + 6 + 4)?
-4
What is -4 - (0 - 6) - -2?
4
What is 0 + 3 - (6 - -3 - 9)?
3
What is the value of -2 - (3 - 4) - (-25 - -26)?
-2
What is the value of -13 + -2 - -6 - -5?
-4
Calculate (-13 - -6) + (4 - 1).
-4
What is the value of -8 + 9 + -2 - -8?
7
-2 - 3 - (1 - 4)
-2
Evaluate 4 + -8 + 7 + 0 + 1.
4
6 - (11 - (-1 - -7))
1
(-6 - -5) + 5 + -2 + -1
1
What is (7 - 6) + -10 + 8?
-1
What is the value of (5 - 3) + -5 + 4?
1
Calculate (-39 - -42) + -8 + 2.
-3
What is 0 - (0 + -2) - (2 - 0)?
0
Evaluate -11 + 5 + (-6 - -6).
-6
What is -6 - (-2 - (0 + -1)) - 0?
-5
What is the value of 242 - 241 - (-1 + 8 - 0)?
-6
Evaluate 6 - (-7 - -7 - -12).
-6
2 - (-4 + 6 - (-3 + 5))
2
14 + (-7 - (-13 - 2)) + -15
7
Evaluate 9 + -2 + (25 - 32).
0
-2 - (0 + -16 + 10)
4
Calculate 1 + -7 - (-5 - (-4 + 0)).
-5
What is 0 - ((-3 - -5) + 0) - -8?
6
What is the value of -3 + 8 - 6 - -4?
3
What is the value of (0 - 1) + (-20 - (-1 + -14))?
-6
-11 + (13 - (2 - -10))
-10
What is the value of 4 + -1 - (1 + -2)?
4
What is the value of 3 + (-5 - -4 - -2)?
4
What is 4 + -1 + -5 - 3?
-5
What is the value of (-1 - 6 - -4 - 0) + 2?
-1
Calculate 0 - (0 + -1 + (4 - 6)).
3
Evaluate -17 - -10 - (0 + -1 + -1).
-5
Calculate -22 + 14 - (-3 + -1).
-4
Calculate 9 + -22 - (-20 + 3).
4
Evaluate 6 - (4 + -2) - (5 - 9).
8
Calculate -1 + (11 + -7 - 7).
-4
What is the value of -3 - -2 - (-4 - -2 - 3)?
4
What is the value of (10 - 1) + (-1 - 10)?
-2
What is the value of 7 - (4 + -14 - -11)?
6
-6 - (8 - 15) - -2
3
Evaluate -3 + (5 + -2 - -2) - 6.
-4
Calculate -3 - -26 - 8 - 14.
1
Calculate (-4 + 0 - (1 - 4)) + -5.
-6
What is the value of 6 - ((-1 - 0 - 1) + 6)?
2
Evaluate 3 - 1 - 6 - 1.
-5
What is -1 + -7 - (-9 - (11 - 13))?
-1
What is the value of (-6 - (-5 + -4)) + -2 + -2?
-1
Calculate 2 - (1 + -3 - -1).
3
Calculate (-13 + 15 - 9) + 17.
10
Evaluate -8 + (4 + -2 - -2) + -1.
-5
What is 1 - (0 + (4 - 4))?
1
What is the value of (-2 + -8 - (-5 - -2)) + 2?
-5
Evaluate -3 + 0 + 2 - 3.
-4
Evaluate 0 + 0 - (-18 + 16).
2
(1 - 3) + (5 - 1 - 5)
-3
What is the value of 4 - ((9 - 8) + 6)?
-3
What is the value of -4 - (-10 + 3 + -2)?
5
(12 - (-4 + (9 - 4))) + -5
6
What is -7 + -2 + 6 + -7 + 5?
-5
3 - (9 - (3 - -1))
-2
Evaluate 1 - ((-2 - 1) + 10).
-6
-1 + -11 + (10 - 2) - 5
-9
-4 + -4 - (-7 - 0)
-1
Calculate (-7 - -3) + (3 - -2).
1
Evaluate -12 + 7 + (3 - 1) + 4.
1
What is the value of -9 - 3 - -6 - (2 - 13)?
5
What is the value of -1 - (-1 + -5 + 4 + -5)?
6
Calculate -1 + (5 - (5 + -2 + 0)).
1
10 - (4 - (-6 - -3))
3
What is 2 + (7 + -11 - 2)?
-4
Evaluate (10 - (-6 - -10)) + -3.
3
Evaluate -5 + 14 - 1 - 7.
1
Calculate -2 + (2 - (-4 + 4)) - 5.
-5
179 + -186 - (-10 - (2 - 2))
3
Calculate -10 + 8 - (-2 + 0).
0
-8 - -12 - (2 + -1)
3
-1 + -4 + -1 + -16 + 17
-5
What is the value of 11 - (33 + -11) - (0 - 5)?
-6
Evaluate -1 - -5 - 0 - (-27 + 27).
4
Evaluate -1 + 2 - (7 - 2).
-4
Calculate 5 + (0 + (0 - 4) - 2).
-1
What is the value of (-6 - -1) + 1 + 3?
-1
-1 + (8 + -7 - 3)
-3
1 - (6 - (1 - 0))
-4
Calculate -2 + (3 - -7 - 7).
1
What is -3 + -4 + (-5 - -4) + 4?
-4
0 - (-4 + (-3 - -3))
4
((4 - 0) + -5 - 0) + 6
5
(3 - (-12 + 20)) + 9
4
Evaluate 3 + 3 + -3 + -1.
2
What is 0 + (4 - 2) + -1 + 3?
4
21 + -15 - (-3 - 0 - -2)
7
What is the value of 4 + -2 + -1 + -2?
-1
What is 100 - 91 - (8 + 0)?
1
What is the value of 10 + 5 + -7 + -9 + -7?
-8
What is -5 - (-5 + (10 - 7))?
-3
Calculate (7 - (0 - -2)) + (26 - 29).
2
(-9 - -12 - 3) + -2
-2
(-1 - (-1 + 4) - -3) + -4
-5
What is -8 - (1 - (2 + 5 + -3))?
-5
Calculate -2 - (15 + -7 - 16).
6
What is 10 + -1 + (1 - 3) + -6?
1
What is (3 - 0) + -13 + 7 + 5?
2
Calculate (-7 - -9) + -4 + (1 - 6).
-7
Evaluate -4 + 8 + (-15 - -9).
-2
What is -4 - (5 - -1 - 6) - -7?
3
4 + (11 - 9) - 12
-6
What is the value of -43 + 38 - (-5 - -2)?
-2
What is -2 + 3 - (1 - (-4 + 5))?
1
Evaluate -11 + 1 + 7 + 0.
-3
Calculate -5 + 2 - (1 - (0 - -4)).
0
Evaluate (5 - 10) + -1 + 0.
-6
(-5 - (-3 + 2 + 2)) + 2
-4
Calculate 1 + 1 - (0 + 2 - 2).
2
What is 7 + -25 + 14 + -2 + 10?
4
What is 4 + -10 - (-7 - -7)?
-6
(4 - -2) + -2 - (-7 + 12)
-1
Evaluate (-1 - -4) + 0 + 1.
4
What is (-1 - (-2 - -8)) + 0 - -15?
8
Calculate 0 + (1 + -10 - -4 - -2).
-3
Evaluate 4 + (-1 - -8) + -5.
6
What is the value of (3 + -8 - -2) + 3 - 1?
-1
-1 + 0 + 5 + -7 + 6
3
Evaluate (2 - (5 + 0 - 5)) + -2.
0
What is (1 - (-6 - -4 - -8)) + 4?
-1
What is 25 - 26 - (-1 - -5)?
-5
2 + (-2 - -4) + -4
0
Evaluate (0 - 3) + 5 - 7.
-5
What is the value of -2 + -4 + 5 - -2?
1
Calculate 3 - (2 - 0 - 1).
2
Evaluate 4 + -2 - (-38 - -37).
3
What is the value of (-1 - -3) + (21 - 28)?
-5
-3 + (-2 - -3 - 5)
-7
-4 - (9 + -7 + 4) - -4
-6
Calculate -5 + (6 - 1) + 0.
0
2 + (-8 - 0) - (2 - 5)
-3
What is the value of 1 + 1 + 2 - (1 - 2)?
5
(3 - -6) + (-6 - (-8 + 4))
7
What is the value of 12 + -24 + 8 + 4?
0
Evaluate 2 + -2 + 1 + 1 - -3.
5
-19 + 12 - (-3 + -1)
-3
What is 2 + (12 - 1) - 10?
3
-7 - (10 - 3 - 15)
1
Evaluate 0 + 2 + 5 - (10 - 10).
7
What is -4 + 1 + -3 + 6 - 2?
-2
What is (6 - (1 - 1)) + (-7 - -6)?
5
-5 + (10 - (-5 - -10))
0
Evaluate (-8 + (-4 - -4) - 4) + 4.
-8
Calculate 0 + -1 + (1 - 11 - -5).
-6
What is the value of (-12 - -4) + 4 - -3?
-1
Calculate (-1 - (0 - (-4 + 4))) + 1.
0
Calculate 20 + -22 - (9 + -7).
-4
Calculate (7 - 13) + 4 - 0.
-2
5 + (16 + -13 - (3 - 0))
5
Evaluate -3 + 3 - -13 - 7.
6
Calculate -1 - 3 - (4 + -11 - 1).
4
-13 - -10 - (-4 + -5)
6
What is (5 + -12 - 6) + 5?
-8
What is (1 - (-2 - -5)) + -4 + 4?
-2
What is (-4 - -6) + 32 + -27?
7
What is the value of -2 + (3 - (-1 + 0))?
2
What is 2 + -2 + (-13 + 7 - 1)?
-7
-1 + (-15 - -3 - (-3 - 2))
-8
What is 1 + (1 - -2) + -4?
0
Evaluate 6 + -8 + 6 + 1.
5
Evaluate (4 + -5 - -2) + -7.
-6
Evaluate 3 + (6 - (-2 - -5) - 5).
1
Wha